{"id":259,"date":"2026-04-07T23:14:09","date_gmt":"2026-04-07T23:14:09","guid":{"rendered":"https:\/\/woelantis.dpsg-bamberg.de\/?page_id=259"},"modified":"2026-04-07T23:31:36","modified_gmt":"2026-04-07T23:31:36","slug":"merchandise","status":"publish","type":"page","link":"https:\/\/woelantis.dpsg-bamberg.de\/?page_id=259","title":{"rendered":"Merchandise"},"content":{"rendered":"\n<p>Ab sofort k\u00f6nnt ihr Merchandise im Lagerdesign bestellen \u2013 zum Beispiel T-Shirts, Hoodies oder Caps.<\/p>\n\n\n\n<p><strong><mark style=\"background-color:rgba(0, 0, 0, 0);color:#ff6400\" class=\"has-inline-color\">Weitere Motive und Produkte folgen in den n\u00e4chsten Wochen!<\/mark><\/strong><\/p>\n\n\n\n<p>Die Bestellung l\u00e4uft direkt \u00fcber Spreadshirt. Eure Sachen werden bequem zu euch nach Hause geliefert.<\/p>\n\n\n<div class=\"wp-block-image\">\n<figure class=\"aligncenter size-full\"><a href=\"https:\/\/wolantis.myspreadshop.de\/\"><img decoding=\"async\" src=\"https:\/\/woelantis.dpsg-bamberg.de\/wp-content\/uploads\/2026\/02\/button_merch_shop.png\" alt=\"\" class=\"wp-image-218\"\/><\/a><\/figure>\n<\/div>\n\n\n<p>Bitte beachtet, dass s\u00e4mtlicher Merch aus dem Online-Shop auch nur \u00fcber den Online-Shop verf\u00fcgbar ist. Es wird nicht m\u00f6glich sein, die dort gezeigten Produkte auf dem Lager zu erwerben.<\/p>\n\n\n\n<p>Im Teilnehmenden-Beitrag ist f\u00fcr alle Kinder ein Lager-Aufn\u00e4her enthalten.<br>Spezielle Lager-Halst\u00fccher wird es f\u00fcr die W\u00f6lflinge nicht geben.<\/p>\n\n\n<div class=\"wp-block-image\">\n<figure class=\"aligncenter size-full\"><img loading=\"lazy\" decoding=\"async\" width=\"500\" height=\"150\" src=\"https:\/\/woelantis.dpsg-bamberg.de\/wp-content\/uploads\/2026\/04\/page_footer4.png\" alt=\"\" class=\"wp-image-265\" srcset=\"https:\/\/woelantis.dpsg-bamberg.de\/wp-content\/uploads\/2026\/04\/page_footer4.png 500w, https:\/\/woelantis.dpsg-bamberg.de\/wp-content\/uploads\/2026\/04\/page_footer4-300x90.png 300w\" sizes=\"auto, (max-width: 500px) 100vw, 500px\" \/><\/figure>\n<\/div>","protected":false},"excerpt":{"rendered":"<p>Ab sofort k\u00f6nnt ihr Merchandise im Lagerdesign bestellen \u2013 zum Beispiel T-Shirts, Hoodies oder Caps. Weitere Motive und Produkte folgen in den n\u00e4chsten Wochen! Die Bestellung l\u00e4uft direkt \u00fcber Spreadshirt. Eure Sachen werden bequem zu euch nach Hause geliefert. Bitte beachtet, dass s\u00e4mtlicher Merch aus dem Online-Shop auch nur \u00fcber den Online-Shop verf\u00fcgbar ist. Es &hellip; <a href=\"https:\/\/woelantis.dpsg-bamberg.de\/?page_id=259\" class=\"more-link\"><span class=\"screen-reader-text\">Merchandise<\/span> weiterlesen <span class=\"meta-nav\">&rarr;<\/span><\/a><\/p>\n","protected":false},"author":4,"featured_media":0,"parent":0,"menu_order":0,"comment_status":"closed","ping_status":"closed","template":"","meta":{"footnotes":""},"class_list":["post-259","page","type-page","status-publish","hentry"],"yoast_head":"<!-- This site is optimized with the Yoast SEO plugin v26.2 - https:\/\/yoast.com\/wordpress\/plugins\/seo\/ -->\n<title>Merchandise - W\u00f6lantis<\/title>\n<meta name=\"robots\" content=\"index, follow, max-snippet:-1, max-image-preview:large, max-video-preview:-1\" \/>\n<link rel=\"canonical\" href=\"https:\/\/woelantis.dpsg-bamberg.de\/?page_id=259\" \/>\n<meta property=\"og:locale\" content=\"de_DE\" \/>\n<meta property=\"og:type\" content=\"article\" \/>\n<meta property=\"og:title\" content=\"Merchandise - W\u00f6lantis\" \/>\n<meta property=\"og:description\" content=\"Ab sofort k\u00f6nnt ihr Merchandise im Lagerdesign bestellen \u2013 zum Beispiel T-Shirts, Hoodies oder Caps. Weitere Motive und Produkte folgen in den n\u00e4chsten Wochen! Die Bestellung l\u00e4uft direkt \u00fcber Spreadshirt. Eure Sachen werden bequem zu euch nach Hause geliefert. Bitte beachtet, dass s\u00e4mtlicher Merch aus dem Online-Shop auch nur \u00fcber den Online-Shop verf\u00fcgbar ist. Es &hellip; Merchandise weiterlesen &rarr;\" \/>\n<meta property=\"og:url\" content=\"https:\/\/woelantis.dpsg-bamberg.de\/?page_id=259\" \/>\n<meta property=\"og:site_name\" content=\"W\u00f6lantis\" \/>\n<meta property=\"article:modified_time\" content=\"2026-04-07T23:31:36+00:00\" \/>\n<meta name=\"twitter:card\" content=\"summary_large_image\" \/>\n<meta name=\"twitter:label1\" content=\"Gesch\u00e4tzte Lesezeit\" \/>\n\t<meta name=\"twitter:data1\" content=\"1\u00a0Minute\" \/>\n<script type=\"application\/ld+json\" class=\"yoast-schema-graph\">{\"@context\":\"https:\/\/schema.org\",\"@graph\":[{\"@type\":\"WebPage\",\"@id\":\"https:\/\/woelantis.dpsg-bamberg.de\/?page_id=259\",\"url\":\"https:\/\/woelantis.dpsg-bamberg.de\/?page_id=259\",\"name\":\"Merchandise - W\u00f6lantis\",\"isPartOf\":{\"@id\":\"https:\/\/woelantis.dpsg-bamberg.de\/#website\"},\"primaryImageOfPage\":{\"@id\":\"https:\/\/woelantis.dpsg-bamberg.de\/?page_id=259#primaryimage\"},\"image\":{\"@id\":\"https:\/\/woelantis.dpsg-bamberg.de\/?page_id=259#primaryimage\"},\"thumbnailUrl\":\"https:\/\/woelantis.dpsg-bamberg.de\/wp-content\/uploads\/2026\/02\/button_merch_shop.png\",\"datePublished\":\"2026-04-07T23:14:09+00:00\",\"dateModified\":\"2026-04-07T23:31:36+00:00\",\"breadcrumb\":{\"@id\":\"https:\/\/woelantis.dpsg-bamberg.de\/?page_id=259#breadcrumb\"},\"inLanguage\":\"de\",\"potentialAction\":[{\"@type\":\"ReadAction\",\"target\":[\"https:\/\/woelantis.dpsg-bamberg.de\/?page_id=259\"]}]},{\"@type\":\"ImageObject\",\"inLanguage\":\"de\",\"@id\":\"https:\/\/woelantis.dpsg-bamberg.de\/?page_id=259#primaryimage\",\"url\":\"\",\"contentUrl\":\"\"},{\"@type\":\"BreadcrumbList\",\"@id\":\"https:\/\/woelantis.dpsg-bamberg.de\/?page_id=259#breadcrumb\",\"itemListElement\":[{\"@type\":\"ListItem\",\"position\":1,\"name\":\"Startseite\",\"item\":\"https:\/\/woelantis.dpsg-bamberg.de\/\"},{\"@type\":\"ListItem\",\"position\":2,\"name\":\"Merchandise\"}]},{\"@type\":\"WebSite\",\"@id\":\"https:\/\/woelantis.dpsg-bamberg.de\/#website\",\"url\":\"https:\/\/woelantis.dpsg-bamberg.de\/\",\"name\":\"W\u00f6lantis\",\"description\":\"W\u00f6 ist das?\",\"potentialAction\":[{\"@type\":\"SearchAction\",\"target\":{\"@type\":\"EntryPoint\",\"urlTemplate\":\"https:\/\/woelantis.dpsg-bamberg.de\/?s={search_term_string}\"},\"query-input\":{\"@type\":\"PropertyValueSpecification\",\"valueRequired\":true,\"valueName\":\"search_term_string\"}}],\"inLanguage\":\"de\"}]}<\/script>\n<!-- \/ Yoast SEO plugin. -->","yoast_head_json":{"title":"Merchandise - W\u00f6lantis","robots":{"index":"index","follow":"follow","max-snippet":"max-snippet:-1","max-image-preview":"max-image-preview:large","max-video-preview":"max-video-preview:-1"},"canonical":"https:\/\/woelantis.dpsg-bamberg.de\/?page_id=259","og_locale":"de_DE","og_type":"article","og_title":"Merchandise - W\u00f6lantis","og_description":"Ab sofort k\u00f6nnt ihr Merchandise im Lagerdesign bestellen \u2013 zum Beispiel T-Shirts, Hoodies oder Caps. Weitere Motive und Produkte folgen in den n\u00e4chsten Wochen! Die Bestellung l\u00e4uft direkt \u00fcber Spreadshirt. Eure Sachen werden bequem zu euch nach Hause geliefert. Bitte beachtet, dass s\u00e4mtlicher Merch aus dem Online-Shop auch nur \u00fcber den Online-Shop verf\u00fcgbar ist. Es &hellip; Merchandise weiterlesen &rarr;","og_url":"https:\/\/woelantis.dpsg-bamberg.de\/?page_id=259","og_site_name":"W\u00f6lantis","article_modified_time":"2026-04-07T23:31:36+00:00","twitter_card":"summary_large_image","twitter_misc":{"Gesch\u00e4tzte Lesezeit":"1\u00a0Minute"},"schema":{"@context":"https:\/\/schema.org","@graph":[{"@type":"WebPage","@id":"https:\/\/woelantis.dpsg-bamberg.de\/?page_id=259","url":"https:\/\/woelantis.dpsg-bamberg.de\/?page_id=259","name":"Merchandise - W\u00f6lantis","isPartOf":{"@id":"https:\/\/woelantis.dpsg-bamberg.de\/#website"},"primaryImageOfPage":{"@id":"https:\/\/woelantis.dpsg-bamberg.de\/?page_id=259#primaryimage"},"image":{"@id":"https:\/\/woelantis.dpsg-bamberg.de\/?page_id=259#primaryimage"},"thumbnailUrl":"https:\/\/woelantis.dpsg-bamberg.de\/wp-content\/uploads\/2026\/02\/button_merch_shop.png","datePublished":"2026-04-07T23:14:09+00:00","dateModified":"2026-04-07T23:31:36+00:00","breadcrumb":{"@id":"https:\/\/woelantis.dpsg-bamberg.de\/?page_id=259#breadcrumb"},"inLanguage":"de","potentialAction":[{"@type":"ReadAction","target":["https:\/\/woelantis.dpsg-bamberg.de\/?page_id=259"]}]},{"@type":"ImageObject","inLanguage":"de","@id":"https:\/\/woelantis.dpsg-bamberg.de\/?page_id=259#primaryimage","url":"","contentUrl":""},{"@type":"BreadcrumbList","@id":"https:\/\/woelantis.dpsg-bamberg.de\/?page_id=259#breadcrumb","itemListElement":[{"@type":"ListItem","position":1,"name":"Startseite","item":"https:\/\/woelantis.dpsg-bamberg.de\/"},{"@type":"ListItem","position":2,"name":"Merchandise"}]},{"@type":"WebSite","@id":"https:\/\/woelantis.dpsg-bamberg.de\/#website","url":"https:\/\/woelantis.dpsg-bamberg.de\/","name":"W\u00f6lantis","description":"W\u00f6 ist das?","potentialAction":[{"@type":"SearchAction","target":{"@type":"EntryPoint","urlTemplate":"https:\/\/woelantis.dpsg-bamberg.de\/?s={search_term_string}"},"query-input":{"@type":"PropertyValueSpecification","valueRequired":true,"valueName":"search_term_string"}}],"inLanguage":"de"}]}},"_links":{"self":[{"href":"https:\/\/woelantis.dpsg-bamberg.de\/index.php?rest_route=\/wp\/v2\/pages\/259","targetHints":{"allow":["GET"]}}],"collection":[{"href":"https:\/\/woelantis.dpsg-bamberg.de\/index.php?rest_route=\/wp\/v2\/pages"}],"about":[{"href":"https:\/\/woelantis.dpsg-bamberg.de\/index.php?rest_route=\/wp\/v2\/types\/page"}],"author":[{"embeddable":true,"href":"https:\/\/woelantis.dpsg-bamberg.de\/index.php?rest_route=\/wp\/v2\/users\/4"}],"replies":[{"embeddable":true,"href":"https:\/\/woelantis.dpsg-bamberg.de\/index.php?rest_route=%2Fwp%2Fv2%2Fcomments&post=259"}],"version-history":[{"count":3,"href":"https:\/\/woelantis.dpsg-bamberg.de\/index.php?rest_route=\/wp\/v2\/pages\/259\/revisions"}],"predecessor-version":[{"id":266,"href":"https:\/\/woelantis.dpsg-bamberg.de\/index.php?rest_route=\/wp\/v2\/pages\/259\/revisions\/266"}],"wp:attachment":[{"href":"https:\/\/woelantis.dpsg-bamberg.de\/index.php?rest_route=%2Fwp%2Fv2%2Fmedia&parent=259"}],"curies":[{"name":"wp","href":"https:\/\/api.w.org\/{rel}","templated":true}]}}