{"id":29,"date":"2026-01-07T14:36:50","date_gmt":"2026-01-07T14:36:50","guid":{"rendered":"https:\/\/woelantis.dpsg-bamberg.de\/?page_id=29"},"modified":"2026-04-07T23:17:02","modified_gmt":"2026-04-07T23:17:02","slug":"woelantis","status":"publish","type":"page","link":"https:\/\/woelantis.dpsg-bamberg.de\/","title":{"rendered":"W\u00f6lantis"},"content":{"rendered":"\n<p>Herzlich willkommen auf der offiziellen Website zum Di\u00f6zesan-Auslandslager 2026 &#8222;W\u00f6lantis &#8211; W\u00f6 ist das?&#8220; des DV Bamberg in D\u00e4nemark.<\/p>\n\n\n\n<h2 class=\"wp-block-heading\">Unser Merch-Shop ist online! \ud83c\udf89<\/h2>\n\n\n\n<p>Ab sofort k\u00f6nnt ihr Merchandise im Lagerdesign bestellen \u2013 zum Beispiel T-Shirts, Hoodies oder Caps. <mark style=\"background-color:rgba(0, 0, 0, 0);color:#ff6400\" class=\"has-inline-color\">Weitere Motive und Produkte folgen in den n\u00e4chsten Wochen!<\/mark><\/p>\n\n\n<div class=\"wp-block-image\">\n<figure class=\"aligncenter size-full\"><a href=\"https:\/\/wolantis.myspreadshop.de\/\"><img decoding=\"async\" src=\"https:\/\/woelantis.dpsg-bamberg.de\/wp-content\/uploads\/2026\/02\/button_merch_shop.png\" alt=\"\" class=\"wp-image-218\"\/><\/a><\/figure>\n<\/div>\n\n\n<h2 class=\"wp-block-heading\">Hard-Facts zum Lager \ud83e\udded<\/h2>\n\n\n\n<p><strong>F\u00fcr?<\/strong><br>W\u00f6lflinge aus den DPSG-St\u00e4mmen im Di\u00f6zesanverband Bamberg<\/p>\n\n\n\n<p><strong>Wann?<\/strong><br>17. &#8211; 23.08.2026<br>(Abfahrt ist bereits in der Nacht auf den 17.)<\/p>\n\n\n\n<p><strong>Wo?<\/strong><br>Zeltplatz &#8222;Troldh\u00f8j&#8220; in D\u00e4nemark<br>(<a href=\"https:\/\/maps.app.goo.gl\/6kix4uk44g7f97tW8\" target=\"_blank\" rel=\"noreferrer noopener\">hier auf Google Maps<\/a>)<\/p>\n\n\n\n<p><strong>Anmeldeschluss?<\/strong><br>29.03.2026<\/p>\n\n\n\n<p>Hier schon mal ein Foto von unserem Zeltplatz &#8211; direkt am Meer \ud83d\ude09<\/p>\n\n\n\n<figure class=\"wp-block-image size-large\"><img loading=\"lazy\" decoding=\"async\" width=\"1024\" height=\"576\" src=\"https:\/\/woelantis.dpsg-bamberg.de\/wp-content\/uploads\/2026\/01\/luftbild_zeltplatz-1024x576.jpeg\" alt=\"\" class=\"wp-image-19\" title=\"Foto von https:\/\/troldhoj.dk\/\" srcset=\"https:\/\/woelantis.dpsg-bamberg.de\/wp-content\/uploads\/2026\/01\/luftbild_zeltplatz-1024x576.jpeg 1024w, https:\/\/woelantis.dpsg-bamberg.de\/wp-content\/uploads\/2026\/01\/luftbild_zeltplatz-300x169.jpeg 300w, https:\/\/woelantis.dpsg-bamberg.de\/wp-content\/uploads\/2026\/01\/luftbild_zeltplatz-768x432.jpeg 768w, https:\/\/woelantis.dpsg-bamberg.de\/wp-content\/uploads\/2026\/01\/luftbild_zeltplatz-1536x863.jpeg 1536w, https:\/\/woelantis.dpsg-bamberg.de\/wp-content\/uploads\/2026\/01\/luftbild_zeltplatz.jpeg 1562w\" sizes=\"auto, (max-width: 1024px) 100vw, 1024px\" \/><\/figure>\n\n\n\n<p>Diese Website wird laufend aktualisiert und erweitert. In den kommenden Wochen werden wir hier nach und nach weitere Informationen bereitstellen, um euch auf dem Laufenden zu halten. Es lohnt sich also, immer wieder einen Blick auf diese Seite zu werfen.<\/p>\n","protected":false},"excerpt":{"rendered":"<p>Herzlich willkommen auf der offiziellen Website zum Di\u00f6zesan-Auslandslager 2026 &#8222;W\u00f6lantis &#8211; W\u00f6 ist das?&#8220; des DV Bamberg in D\u00e4nemark. Unser Merch-Shop ist online! \ud83c\udf89 Ab sofort k\u00f6nnt ihr Merchandise im Lagerdesign bestellen \u2013 zum Beispiel T-Shirts, Hoodies oder Caps. Weitere Motive und Produkte folgen in den n\u00e4chsten Wochen! Hard-Facts zum Lager \ud83e\udded F\u00fcr?W\u00f6lflinge aus den &hellip; <a href=\"https:\/\/woelantis.dpsg-bamberg.de\/\" class=\"more-link\"><span class=\"screen-reader-text\">W\u00f6lantis<\/span> weiterlesen <span class=\"meta-nav\">&rarr;<\/span><\/a><\/p>\n","protected":false},"author":4,"featured_media":0,"parent":0,"menu_order":0,"comment_status":"closed","ping_status":"closed","template":"","meta":{"footnotes":""},"class_list":["post-29","page","type-page","status-publish","hentry"],"yoast_head":"<!-- This site is optimized with the Yoast SEO plugin v26.2 - https:\/\/yoast.com\/wordpress\/plugins\/seo\/ -->\n<title>W\u00f6lantis - W\u00f6lantis<\/title>\n<meta name=\"robots\" content=\"index, follow, max-snippet:-1, max-image-preview:large, max-video-preview:-1\" \/>\n<link rel=\"canonical\" href=\"https:\/\/woelantis.dpsg-bamberg.de\/\" \/>\n<meta property=\"og:locale\" content=\"de_DE\" \/>\n<meta property=\"og:type\" content=\"article\" \/>\n<meta property=\"og:title\" content=\"W\u00f6lantis - W\u00f6lantis\" \/>\n<meta property=\"og:description\" content=\"Herzlich willkommen auf der offiziellen Website zum Di\u00f6zesan-Auslandslager 2026 &#8222;W\u00f6lantis &#8211; W\u00f6 ist das?&#8220; des DV Bamberg in D\u00e4nemark. Unser Merch-Shop ist online! \ud83c\udf89 Ab sofort k\u00f6nnt ihr Merchandise im Lagerdesign bestellen \u2013 zum Beispiel T-Shirts, Hoodies oder Caps. Weitere Motive und Produkte folgen in den n\u00e4chsten Wochen! Hard-Facts zum Lager \ud83e\udded F\u00fcr?W\u00f6lflinge aus den &hellip; W\u00f6lantis weiterlesen &rarr;\" \/>\n<meta property=\"og:url\" content=\"https:\/\/woelantis.dpsg-bamberg.de\/\" \/>\n<meta property=\"og:site_name\" content=\"W\u00f6lantis\" \/>\n<meta property=\"article:modified_time\" content=\"2026-04-07T23:17:02+00:00\" \/>\n<meta name=\"twitter:card\" content=\"summary_large_image\" \/>\n<meta name=\"twitter:label1\" content=\"Gesch\u00e4tzte Lesezeit\" \/>\n\t<meta name=\"twitter:data1\" content=\"2\u00a0Minuten\" \/>\n<script type=\"application\/ld+json\" class=\"yoast-schema-graph\">{\"@context\":\"https:\/\/schema.org\",\"@graph\":[{\"@type\":\"WebPage\",\"@id\":\"https:\/\/woelantis.dpsg-bamberg.de\/\",\"url\":\"https:\/\/woelantis.dpsg-bamberg.de\/\",\"name\":\"W\u00f6lantis - W\u00f6lantis\",\"isPartOf\":{\"@id\":\"https:\/\/woelantis.dpsg-bamberg.de\/#website\"},\"primaryImageOfPage\":{\"@id\":\"https:\/\/woelantis.dpsg-bamberg.de\/#primaryimage\"},\"image\":{\"@id\":\"https:\/\/woelantis.dpsg-bamberg.de\/#primaryimage\"},\"thumbnailUrl\":\"https:\/\/woelantis.dpsg-bamberg.de\/wp-content\/uploads\/2026\/02\/button_merch_shop.png\",\"datePublished\":\"2026-01-07T14:36:50+00:00\",\"dateModified\":\"2026-04-07T23:17:02+00:00\",\"breadcrumb\":{\"@id\":\"https:\/\/woelantis.dpsg-bamberg.de\/#breadcrumb\"},\"inLanguage\":\"de\",\"potentialAction\":[{\"@type\":\"ReadAction\",\"target\":[\"https:\/\/woelantis.dpsg-bamberg.de\/\"]}]},{\"@type\":\"ImageObject\",\"inLanguage\":\"de\",\"@id\":\"https:\/\/woelantis.dpsg-bamberg.de\/#primaryimage\",\"url\":\"\",\"contentUrl\":\"\"},{\"@type\":\"BreadcrumbList\",\"@id\":\"https:\/\/woelantis.dpsg-bamberg.de\/#breadcrumb\",\"itemListElement\":[{\"@type\":\"ListItem\",\"position\":1,\"name\":\"Startseite\",\"item\":\"https:\/\/woelantis.dpsg-bamberg.de\/\"},{\"@type\":\"ListItem\",\"position\":2,\"name\":\"W\u00f6lantis\"}]},{\"@type\":\"WebSite\",\"@id\":\"https:\/\/woelantis.dpsg-bamberg.de\/#website\",\"url\":\"https:\/\/woelantis.dpsg-bamberg.de\/\",\"name\":\"W\u00f6lantis\",\"description\":\"W\u00f6 ist das?\",\"potentialAction\":[{\"@type\":\"SearchAction\",\"target\":{\"@type\":\"EntryPoint\",\"urlTemplate\":\"https:\/\/woelantis.dpsg-bamberg.de\/?s={search_term_string}\"},\"query-input\":{\"@type\":\"PropertyValueSpecification\",\"valueRequired\":true,\"valueName\":\"search_term_string\"}}],\"inLanguage\":\"de\"}]}<\/script>\n<!-- \/ Yoast SEO plugin. -->","yoast_head_json":{"title":"W\u00f6lantis - W\u00f6lantis","robots":{"index":"index","follow":"follow","max-snippet":"max-snippet:-1","max-image-preview":"max-image-preview:large","max-video-preview":"max-video-preview:-1"},"canonical":"https:\/\/woelantis.dpsg-bamberg.de\/","og_locale":"de_DE","og_type":"article","og_title":"W\u00f6lantis - W\u00f6lantis","og_description":"Herzlich willkommen auf der offiziellen Website zum Di\u00f6zesan-Auslandslager 2026 &#8222;W\u00f6lantis &#8211; W\u00f6 ist das?&#8220; des DV Bamberg in D\u00e4nemark. Unser Merch-Shop ist online! \ud83c\udf89 Ab sofort k\u00f6nnt ihr Merchandise im Lagerdesign bestellen \u2013 zum Beispiel T-Shirts, Hoodies oder Caps. Weitere Motive und Produkte folgen in den n\u00e4chsten Wochen! Hard-Facts zum Lager \ud83e\udded F\u00fcr?W\u00f6lflinge aus den &hellip; W\u00f6lantis weiterlesen &rarr;","og_url":"https:\/\/woelantis.dpsg-bamberg.de\/","og_site_name":"W\u00f6lantis","article_modified_time":"2026-04-07T23:17:02+00:00","twitter_card":"summary_large_image","twitter_misc":{"Gesch\u00e4tzte Lesezeit":"2\u00a0Minuten"},"schema":{"@context":"https:\/\/schema.org","@graph":[{"@type":"WebPage","@id":"https:\/\/woelantis.dpsg-bamberg.de\/","url":"https:\/\/woelantis.dpsg-bamberg.de\/","name":"W\u00f6lantis - W\u00f6lantis","isPartOf":{"@id":"https:\/\/woelantis.dpsg-bamberg.de\/#website"},"primaryImageOfPage":{"@id":"https:\/\/woelantis.dpsg-bamberg.de\/#primaryimage"},"image":{"@id":"https:\/\/woelantis.dpsg-bamberg.de\/#primaryimage"},"thumbnailUrl":"https:\/\/woelantis.dpsg-bamberg.de\/wp-content\/uploads\/2026\/02\/button_merch_shop.png","datePublished":"2026-01-07T14:36:50+00:00","dateModified":"2026-04-07T23:17:02+00:00","breadcrumb":{"@id":"https:\/\/woelantis.dpsg-bamberg.de\/#breadcrumb"},"inLanguage":"de","potentialAction":[{"@type":"ReadAction","target":["https:\/\/woelantis.dpsg-bamberg.de\/"]}]},{"@type":"ImageObject","inLanguage":"de","@id":"https:\/\/woelantis.dpsg-bamberg.de\/#primaryimage","url":"","contentUrl":""},{"@type":"BreadcrumbList","@id":"https:\/\/woelantis.dpsg-bamberg.de\/#breadcrumb","itemListElement":[{"@type":"ListItem","position":1,"name":"Startseite","item":"https:\/\/woelantis.dpsg-bamberg.de\/"},{"@type":"ListItem","position":2,"name":"W\u00f6lantis"}]},{"@type":"WebSite","@id":"https:\/\/woelantis.dpsg-bamberg.de\/#website","url":"https:\/\/woelantis.dpsg-bamberg.de\/","name":"W\u00f6lantis","description":"W\u00f6 ist das?","potentialAction":[{"@type":"SearchAction","target":{"@type":"EntryPoint","urlTemplate":"https:\/\/woelantis.dpsg-bamberg.de\/?s={search_term_string}"},"query-input":{"@type":"PropertyValueSpecification","valueRequired":true,"valueName":"search_term_string"}}],"inLanguage":"de"}]}},"_links":{"self":[{"href":"https:\/\/woelantis.dpsg-bamberg.de\/index.php?rest_route=\/wp\/v2\/pages\/29","targetHints":{"allow":["GET"]}}],"collection":[{"href":"https:\/\/woelantis.dpsg-bamberg.de\/index.php?rest_route=\/wp\/v2\/pages"}],"about":[{"href":"https:\/\/woelantis.dpsg-bamberg.de\/index.php?rest_route=\/wp\/v2\/types\/page"}],"author":[{"embeddable":true,"href":"https:\/\/woelantis.dpsg-bamberg.de\/index.php?rest_route=\/wp\/v2\/users\/4"}],"replies":[{"embeddable":true,"href":"https:\/\/woelantis.dpsg-bamberg.de\/index.php?rest_route=%2Fwp%2Fv2%2Fcomments&post=29"}],"version-history":[{"count":19,"href":"https:\/\/woelantis.dpsg-bamberg.de\/index.php?rest_route=\/wp\/v2\/pages\/29\/revisions"}],"predecessor-version":[{"id":261,"href":"https:\/\/woelantis.dpsg-bamberg.de\/index.php?rest_route=\/wp\/v2\/pages\/29\/revisions\/261"}],"wp:attachment":[{"href":"https:\/\/woelantis.dpsg-bamberg.de\/index.php?rest_route=%2Fwp%2Fv2%2Fmedia&parent=29"}],"curies":[{"name":"wp","href":"https:\/\/api.w.org\/{rel}","templated":true}]}}