{"id":31,"date":"2026-01-07T14:37:32","date_gmt":"2026-01-07T14:37:32","guid":{"rendered":"https:\/\/woelantis.dpsg-bamberg.de\/?page_id=31"},"modified":"2026-04-07T23:36:24","modified_gmt":"2026-04-07T23:36:24","slug":"infos-fuer-eltern","status":"publish","type":"page","link":"https:\/\/woelantis.dpsg-bamberg.de\/?page_id=31","title":{"rendered":"Infos f\u00fcr Eltern"},"content":{"rendered":"\n<p>Liebe Eltern,<\/p>\n\n\n\n<p>die Anmeldephase ist vor\u00fcber. Es sind genug Anmeldungen eingegangen, sodass das Lager stattfinden wird.<\/p>\n\n\n\n<p>Wir werden hier in den kommenden Wochen immer wieder \u00fcber Neuigkeiten informieren, sobald sich diese ergeben.<\/p>\n\n\n\n<p>Falls ihr noch einmal etwas in der Anmeldung nachlesen wollt, findet ihr <a href=\"https:\/\/woelantis.dpsg-bamberg.de\/wp-content\/uploads\/2026\/01\/Anmedlung-Woelantis-gesamt.pdf\">hier<\/a> eine archivierte Version. <mark style=\"background-color:rgba(0, 0, 0, 0);color:#ff6400\" class=\"has-inline-color\">Beachtet aber bitte, dass eine Anmeldung nicht mehr m\u00f6glich ist!<\/mark><\/p>\n\n\n\n<h2 class=\"wp-block-heading\">FAQ<\/h2>\n\n\n\n<details class=\"wp-block-details is-layout-flow wp-block-details-is-layout-flow\"><summary><strong>Gibt es Voraussetzungen f\u00fcr die Teilnahme am Lager?<\/strong><\/summary>\n<p>Das Leitungsteam eurer Kinder muss sich dazu entschieden haben, zu &#8222;W\u00f6lantis&#8220; zu fahren. Au\u00dferdem muss euer Kind f\u00fcr die Teilnahme im Stamm angemeldet sein.<br>Voraussetzung f\u00fcr das Schwimmen ist das Seepferdchen-Abzeichen.<br><\/p>\n<\/details>\n\n\n\n<details class=\"wp-block-details is-layout-flow wp-block-details-is-layout-flow\"><summary><strong>Was erwartet die W\u00f6lflinge?<\/strong><\/summary>\n<p>Ein abwechslungsreiches und abenteuerliches Programm rund um das Thema &#8222;W\u00f6lantis&#8220;.<br>Ein Kinder-Caf\u00e9, in dem Naschis gekauft werden k\u00f6nnen.<br>Austausch mit d\u00e4nischen Pfadfinder*innen und nat\u00fcrlich das Meer!<\/p>\n\n\n\n<p><\/p>\n<\/details>\n\n\n\n<details class=\"wp-block-details is-layout-flow wp-block-details-is-layout-flow\"><summary><strong>Gibt es <strong>Merchandise<\/strong>?<\/strong><\/summary>\n<p>Ja, aber nur auf Bestellung.<br>Im Teilnehmenden-Beitrag ist f\u00fcr alle Kinder ein Lager-Aufn\u00e4her enthalten.<br>Spezielle Lager-Halst\u00fccher wird es f\u00fcr die W\u00f6lflinge nicht geben.<br>Ab Mitte April gibt es au\u00dferdem in unserem DV-Shop die M\u00f6glichkeit, Merchandise passend zum Lagerlogo (z.\u202fB. T-Shirts, Hoodies, Beutel) zu bestellen:<br>\ud83d\udc49 <a href=\"https:\/\/dpsgba.myspreadshop.de\/\" target=\"_blank\" rel=\"noreferrer noopener\">https:\/\/dpsgba.myspreadshop.de\/<\/a><\/p>\n\n\n\n<p><\/p>\n<\/details>\n\n\n\n<details class=\"wp-block-details is-layout-flow wp-block-details-is-layout-flow\"><summary><strong>Wie hoch ist der Teilnahmebeitrag f\u00fcr Kinder?<\/strong><\/summary>\n<p>450 \u20ac.<br>Falls dies eine zu hohe finanzielle Belastung darstellt, gibt es eventuell L\u00f6sungsm\u00f6glichkeiten. Bitte haltet daf\u00fcr R\u00fccksprache mit dem Leitungsteam des Kindes.<\/p>\n<\/details>\n\n\n\n<details class=\"wp-block-details is-layout-flow wp-block-details-is-layout-flow\"><summary><strong>Was muss mitgenommen werden?<\/strong><\/summary>\n<p>Hierzu werden wir noch rechtzeitig und umfassend informieren.<\/p>\n<\/details>\n\n\n\n<details class=\"wp-block-details is-layout-flow wp-block-details-is-layout-flow\"><summary><strong>Wann ist Anmeldeschluss?<\/strong><\/summary>\n<p>Am 29.03.2026.<\/p>\n<\/details>\n\n\n\n<details class=\"wp-block-details is-layout-flow wp-block-details-is-layout-flow\"><summary><strong>Wo muss ich die Anmeldung abgeben?<\/strong><\/summary>\n<p>Die Anmeldung muss bei den Leiter*innen im jeweiligen Stamm abgegeben werden.<\/p>\n<\/details>\n\n\n\n<details class=\"wp-block-details is-layout-flow wp-block-details-is-layout-flow\"><summary><strong>Gibt es einen Besuchertag?<\/strong><\/summary>\n<p>Nein. Es ist nicht geplant, dass Eltern das Zeltlager bzw. ihre Kinder am Zeltlager besuchen k\u00f6nnen.<\/p>\n<\/details>\n\n\n\n<details class=\"wp-block-details is-layout-flow wp-block-details-is-layout-flow\"><summary><strong>Wie funktioniert die Anreise \u00fcber Nacht?<\/strong><\/summary>\n<p>Wir reisen \u00fcber Nacht an, damit sich die Kinder am Zeltplatz noch ausruhen k\u00f6nnen und anschlie\u00dfend motiviert mit dem Aufbau starten. Aus Erfahrung ist das die beste L\u00f6sung f\u00fcr ein Auslandslager. Wir werden mit Reisebussen fahren, die die Kinder an zentralen Stellen in der Di\u00f6zese einsammeln. Genaue Informationen zu Abfahrtszeiten und -orten geben wir euch rechtzeitig bekannt.<\/p>\n<\/details>\n\n\n\n<details class=\"wp-block-details is-layout-flow wp-block-details-is-layout-flow\"><summary><strong>Wir machen in der N\u00e4he Urlaub. K\u00f6nnen wir unser Kind direkt zum Zeltplatz bringen oder von dort abholen?<\/strong><\/summary>\n<p>Grunds\u00e4tzlich besteht die M\u00f6glichkeit, ein Kind zu Beginn des Zeltlagers direkt zum Zeltplatz in D\u00e4nemark zu bringen oder es am Ende des Lagers dort selbst abzuholen, anstatt die gemeinsame Busan- bzw. -abreise zu nutzen.<br>W\u00e4hrend des laufenden Zeltlagers ist ein geplantes Kommen oder Gehen einzelner Kinder jedoch nicht vorgesehen, da dies den Lagerablauf und die Gruppendynamik st\u00f6ren w\u00fcrde.<br>Sollte an dieser Option Interesse bestehen, bitten wir darum, fr\u00fchzeitig R\u00fccksprache mit dem Leitungsteam des Kindes sowie der Lagerleitung zu halten (Kontakt siehe <a href=\"https:\/\/woelantis.dpsg-bamberg.de\/?page_id=37\">hier<\/a>), damit alles gut abgestimmt werden kann und alle informiert sind.<\/p>\n<\/details>\n\n\n\n<details class=\"wp-block-details is-layout-flow wp-block-details-is-layout-flow\"><summary><strong>Wie sieht es mit Handys aus?<\/strong><\/summary>\n<p>Die Kinder sind den ganzen Tag \u00fcber mit dem Programm besch\u00e4ftigt \u2013 daher bleiben Smartphones bitte zu Hause. Wir \u00fcbernehmen keine Verantwortung f\u00fcr mitgebrachte<br>Handys. Sollte dennoch ein Handy mitgenommen werden, behalten wir es bei Sichtung<br>ein und geben es nach der R\u00fcckkehr an die Eltern zur\u00fcck.<br>Im Notfall sind die Leiterinnen nat\u00fcrlich immer erreichbar. Direkter Telefonkontakt f\u00fcr die Kinder ist nicht vorgesehen, da dies Heimweh oft verst\u00e4rkt. Wenn es n\u00f6tig ist, erm\u00f6glichen wir den Kontakt \u00fcber die Handys der Leiterinnen.<\/p>\n<\/details>\n\n\n\n<details class=\"wp-block-details is-layout-flow wp-block-details-is-layout-flow\"><summary><strong>Was macht mein Kind bei Heimweh ohne Handy?<\/strong><\/summary>\n<p>Wir sind ein erfahrenes Team, kennen uns mit W\u00f6lflingen gut aus und haben viele Tricks gegen Heimweh. Handytelefonate mit den Eltern helfen erfahrungsgem\u00e4\u00df nicht und verst\u00e4rken das Heimweh. Bitte vertraut uns hier. In besonderen F\u00e4llen stimmen wir uns individuell mit euch ab.<\/p>\n<\/details>\n\n\n\n<details class=\"wp-block-details is-layout-flow wp-block-details-is-layout-flow\"><summary><strong>Gibt es eine M\u00f6glichkeit, w\u00e4hrend des Lagers Informationen zu bekommen, was am Zeltplatz passiert?<\/strong><\/summary>\n<p>Wir richten einen Kommunikationskanal ein, \u00fcber den wir euch t\u00e4glich informieren, was am Zeltplatz passiert.<\/p>\n<\/details>\n\n\n\n<details class=\"wp-block-details is-layout-flow wp-block-details-is-layout-flow\"><summary><strong>Besteht die M\u00f6glichkeit, dass Eltern als Helfer*innen auf das Lager mitfahren?<\/strong><\/summary>\n<p>Auch wenn das Angebot lieb gemeint ist \u2013 eine Mithilfe von Eltern vor Ort ist aus verschiedenen Gr\u00fcnden leider nicht m\u00f6glich.<\/p>\n<\/details>\n\n\n\n<details class=\"wp-block-details is-layout-flow wp-block-details-is-layout-flow\"><summary><strong>M\u00fcssen wir uns selbst um eine Auslandskrankenversicherung k\u00fcmmern?<\/strong><\/summary>\n<p>Nein. Eine Auslandskrankenversicherung wird von uns \u00fcber unsere Pfadfinderversicherung abgeschlossen.<\/p>\n<\/details>\n\n\n\n<details class=\"wp-block-details is-layout-flow wp-block-details-is-layout-flow\"><summary><strong>Ist ein R\u00fccktritt nach der Anmeldung m\u00f6glich?<\/strong><\/summary>\n<p>Die Anmeldung ist erst einmal verbindlich. Die R\u00fccktrittsbedingungen sind in den<br>Teilnahmebedingungen zu finden, die wiederum in der Anmeldung nachgelesen werden k\u00f6nnen.<\/p>\n<\/details>\n\n\n\n<h2 class=\"wp-block-heading\">Elternabende<\/h2>\n\n\n\n<p>Die beiden Elternabende fanden bereits statt.<br>Derzeit sind keine weiteren Elternabende mehr geplant.<\/p>\n\n\n<div class=\"wp-block-image\">\n<figure class=\"aligncenter size-full\"><img loading=\"lazy\" decoding=\"async\" width=\"500\" height=\"150\" src=\"https:\/\/woelantis.dpsg-bamberg.de\/wp-content\/uploads\/2026\/01\/page_footer1_n.png\" alt=\"\" class=\"wp-image-115\" srcset=\"https:\/\/woelantis.dpsg-bamberg.de\/wp-content\/uploads\/2026\/01\/page_footer1_n.png 500w, https:\/\/woelantis.dpsg-bamberg.de\/wp-content\/uploads\/2026\/01\/page_footer1_n-300x90.png 300w\" sizes=\"auto, (max-width: 500px) 100vw, 500px\" \/><\/figure>\n<\/div>","protected":false},"excerpt":{"rendered":"<p>Liebe Eltern, die Anmeldephase ist vor\u00fcber. Es sind genug Anmeldungen eingegangen, sodass das Lager stattfinden wird. Wir werden hier in den kommenden Wochen immer wieder \u00fcber Neuigkeiten informieren, sobald sich diese ergeben. Falls ihr noch einmal etwas in der Anmeldung nachlesen wollt, findet ihr hier eine archivierte Version. Beachtet aber bitte, dass eine Anmeldung nicht &hellip; <a href=\"https:\/\/woelantis.dpsg-bamberg.de\/?page_id=31\" class=\"more-link\"><span class=\"screen-reader-text\">Infos f\u00fcr Eltern<\/span> weiterlesen <span class=\"meta-nav\">&rarr;<\/span><\/a><\/p>\n","protected":false},"author":4,"featured_media":0,"parent":0,"menu_order":0,"comment_status":"closed","ping_status":"closed","template":"","meta":{"footnotes":""},"class_list":["post-31","page","type-page","status-publish","hentry"],"yoast_head":"<!-- This site is optimized with the Yoast SEO plugin v26.2 - https:\/\/yoast.com\/wordpress\/plugins\/seo\/ -->\n<title>Infos f\u00fcr Eltern - W\u00f6lantis<\/title>\n<meta name=\"robots\" content=\"index, follow, max-snippet:-1, max-image-preview:large, max-video-preview:-1\" \/>\n<link rel=\"canonical\" href=\"https:\/\/woelantis.dpsg-bamberg.de\/?page_id=31\" \/>\n<meta property=\"og:locale\" content=\"de_DE\" \/>\n<meta property=\"og:type\" content=\"article\" \/>\n<meta property=\"og:title\" content=\"Infos f\u00fcr Eltern - W\u00f6lantis\" \/>\n<meta property=\"og:description\" content=\"Liebe Eltern, die Anmeldephase ist vor\u00fcber. Es sind genug Anmeldungen eingegangen, sodass das Lager stattfinden wird. Wir werden hier in den kommenden Wochen immer wieder \u00fcber Neuigkeiten informieren, sobald sich diese ergeben. Falls ihr noch einmal etwas in der Anmeldung nachlesen wollt, findet ihr hier eine archivierte Version. Beachtet aber bitte, dass eine Anmeldung nicht &hellip; Infos f\u00fcr Eltern weiterlesen &rarr;\" \/>\n<meta property=\"og:url\" content=\"https:\/\/woelantis.dpsg-bamberg.de\/?page_id=31\" \/>\n<meta property=\"og:site_name\" content=\"W\u00f6lantis\" \/>\n<meta property=\"article:modified_time\" content=\"2026-04-07T23:36:24+00:00\" \/>\n<meta property=\"og:image\" content=\"https:\/\/woelantis.dpsg-bamberg.de\/wp-content\/uploads\/2026\/01\/page_footer1_n.png\" \/>\n\t<meta property=\"og:image:width\" content=\"500\" \/>\n\t<meta property=\"og:image:height\" content=\"150\" \/>\n\t<meta property=\"og:image:type\" content=\"image\/png\" \/>\n<meta name=\"twitter:card\" content=\"summary_large_image\" \/>\n<meta name=\"twitter:label1\" content=\"Gesch\u00e4tzte Lesezeit\" \/>\n\t<meta name=\"twitter:data1\" content=\"5\u00a0Minuten\" \/>\n<script type=\"application\/ld+json\" class=\"yoast-schema-graph\">{\"@context\":\"https:\/\/schema.org\",\"@graph\":[{\"@type\":\"WebPage\",\"@id\":\"https:\/\/woelantis.dpsg-bamberg.de\/?page_id=31\",\"url\":\"https:\/\/woelantis.dpsg-bamberg.de\/?page_id=31\",\"name\":\"Infos f\u00fcr Eltern - W\u00f6lantis\",\"isPartOf\":{\"@id\":\"https:\/\/woelantis.dpsg-bamberg.de\/#website\"},\"primaryImageOfPage\":{\"@id\":\"https:\/\/woelantis.dpsg-bamberg.de\/?page_id=31#primaryimage\"},\"image\":{\"@id\":\"https:\/\/woelantis.dpsg-bamberg.de\/?page_id=31#primaryimage\"},\"thumbnailUrl\":\"https:\/\/woelantis.dpsg-bamberg.de\/wp-content\/uploads\/2026\/01\/page_footer1_n.png\",\"datePublished\":\"2026-01-07T14:37:32+00:00\",\"dateModified\":\"2026-04-07T23:36:24+00:00\",\"breadcrumb\":{\"@id\":\"https:\/\/woelantis.dpsg-bamberg.de\/?page_id=31#breadcrumb\"},\"inLanguage\":\"de\",\"potentialAction\":[{\"@type\":\"ReadAction\",\"target\":[\"https:\/\/woelantis.dpsg-bamberg.de\/?page_id=31\"]}]},{\"@type\":\"ImageObject\",\"inLanguage\":\"de\",\"@id\":\"https:\/\/woelantis.dpsg-bamberg.de\/?page_id=31#primaryimage\",\"url\":\"https:\/\/woelantis.dpsg-bamberg.de\/wp-content\/uploads\/2026\/01\/page_footer1_n.png\",\"contentUrl\":\"https:\/\/woelantis.dpsg-bamberg.de\/wp-content\/uploads\/2026\/01\/page_footer1_n.png\",\"width\":500,\"height\":150},{\"@type\":\"BreadcrumbList\",\"@id\":\"https:\/\/woelantis.dpsg-bamberg.de\/?page_id=31#breadcrumb\",\"itemListElement\":[{\"@type\":\"ListItem\",\"position\":1,\"name\":\"Startseite\",\"item\":\"https:\/\/woelantis.dpsg-bamberg.de\/\"},{\"@type\":\"ListItem\",\"position\":2,\"name\":\"Infos f\u00fcr Eltern\"}]},{\"@type\":\"WebSite\",\"@id\":\"https:\/\/woelantis.dpsg-bamberg.de\/#website\",\"url\":\"https:\/\/woelantis.dpsg-bamberg.de\/\",\"name\":\"W\u00f6lantis\",\"description\":\"W\u00f6 ist das?\",\"potentialAction\":[{\"@type\":\"SearchAction\",\"target\":{\"@type\":\"EntryPoint\",\"urlTemplate\":\"https:\/\/woelantis.dpsg-bamberg.de\/?s={search_term_string}\"},\"query-input\":{\"@type\":\"PropertyValueSpecification\",\"valueRequired\":true,\"valueName\":\"search_term_string\"}}],\"inLanguage\":\"de\"}]}<\/script>\n<!-- \/ Yoast SEO plugin. -->","yoast_head_json":{"title":"Infos f\u00fcr Eltern - W\u00f6lantis","robots":{"index":"index","follow":"follow","max-snippet":"max-snippet:-1","max-image-preview":"max-image-preview:large","max-video-preview":"max-video-preview:-1"},"canonical":"https:\/\/woelantis.dpsg-bamberg.de\/?page_id=31","og_locale":"de_DE","og_type":"article","og_title":"Infos f\u00fcr Eltern - W\u00f6lantis","og_description":"Liebe Eltern, die Anmeldephase ist vor\u00fcber. Es sind genug Anmeldungen eingegangen, sodass das Lager stattfinden wird. Wir werden hier in den kommenden Wochen immer wieder \u00fcber Neuigkeiten informieren, sobald sich diese ergeben. Falls ihr noch einmal etwas in der Anmeldung nachlesen wollt, findet ihr hier eine archivierte Version. Beachtet aber bitte, dass eine Anmeldung nicht &hellip; Infos f\u00fcr Eltern weiterlesen &rarr;","og_url":"https:\/\/woelantis.dpsg-bamberg.de\/?page_id=31","og_site_name":"W\u00f6lantis","article_modified_time":"2026-04-07T23:36:24+00:00","og_image":[{"width":500,"height":150,"url":"https:\/\/woelantis.dpsg-bamberg.de\/wp-content\/uploads\/2026\/01\/page_footer1_n.png","type":"image\/png"}],"twitter_card":"summary_large_image","twitter_misc":{"Gesch\u00e4tzte Lesezeit":"5\u00a0Minuten"},"schema":{"@context":"https:\/\/schema.org","@graph":[{"@type":"WebPage","@id":"https:\/\/woelantis.dpsg-bamberg.de\/?page_id=31","url":"https:\/\/woelantis.dpsg-bamberg.de\/?page_id=31","name":"Infos f\u00fcr Eltern - W\u00f6lantis","isPartOf":{"@id":"https:\/\/woelantis.dpsg-bamberg.de\/#website"},"primaryImageOfPage":{"@id":"https:\/\/woelantis.dpsg-bamberg.de\/?page_id=31#primaryimage"},"image":{"@id":"https:\/\/woelantis.dpsg-bamberg.de\/?page_id=31#primaryimage"},"thumbnailUrl":"https:\/\/woelantis.dpsg-bamberg.de\/wp-content\/uploads\/2026\/01\/page_footer1_n.png","datePublished":"2026-01-07T14:37:32+00:00","dateModified":"2026-04-07T23:36:24+00:00","breadcrumb":{"@id":"https:\/\/woelantis.dpsg-bamberg.de\/?page_id=31#breadcrumb"},"inLanguage":"de","potentialAction":[{"@type":"ReadAction","target":["https:\/\/woelantis.dpsg-bamberg.de\/?page_id=31"]}]},{"@type":"ImageObject","inLanguage":"de","@id":"https:\/\/woelantis.dpsg-bamberg.de\/?page_id=31#primaryimage","url":"https:\/\/woelantis.dpsg-bamberg.de\/wp-content\/uploads\/2026\/01\/page_footer1_n.png","contentUrl":"https:\/\/woelantis.dpsg-bamberg.de\/wp-content\/uploads\/2026\/01\/page_footer1_n.png","width":500,"height":150},{"@type":"BreadcrumbList","@id":"https:\/\/woelantis.dpsg-bamberg.de\/?page_id=31#breadcrumb","itemListElement":[{"@type":"ListItem","position":1,"name":"Startseite","item":"https:\/\/woelantis.dpsg-bamberg.de\/"},{"@type":"ListItem","position":2,"name":"Infos f\u00fcr Eltern"}]},{"@type":"WebSite","@id":"https:\/\/woelantis.dpsg-bamberg.de\/#website","url":"https:\/\/woelantis.dpsg-bamberg.de\/","name":"W\u00f6lantis","description":"W\u00f6 ist das?","potentialAction":[{"@type":"SearchAction","target":{"@type":"EntryPoint","urlTemplate":"https:\/\/woelantis.dpsg-bamberg.de\/?s={search_term_string}"},"query-input":{"@type":"PropertyValueSpecification","valueRequired":true,"valueName":"search_term_string"}}],"inLanguage":"de"}]}},"_links":{"self":[{"href":"https:\/\/woelantis.dpsg-bamberg.de\/index.php?rest_route=\/wp\/v2\/pages\/31","targetHints":{"allow":["GET"]}}],"collection":[{"href":"https:\/\/woelantis.dpsg-bamberg.de\/index.php?rest_route=\/wp\/v2\/pages"}],"about":[{"href":"https:\/\/woelantis.dpsg-bamberg.de\/index.php?rest_route=\/wp\/v2\/types\/page"}],"author":[{"embeddable":true,"href":"https:\/\/woelantis.dpsg-bamberg.de\/index.php?rest_route=\/wp\/v2\/users\/4"}],"replies":[{"embeddable":true,"href":"https:\/\/woelantis.dpsg-bamberg.de\/index.php?rest_route=%2Fwp%2Fv2%2Fcomments&post=31"}],"version-history":[{"count":33,"href":"https:\/\/woelantis.dpsg-bamberg.de\/index.php?rest_route=\/wp\/v2\/pages\/31\/revisions"}],"predecessor-version":[{"id":267,"href":"https:\/\/woelantis.dpsg-bamberg.de\/index.php?rest_route=\/wp\/v2\/pages\/31\/revisions\/267"}],"wp:attachment":[{"href":"https:\/\/woelantis.dpsg-bamberg.de\/index.php?rest_route=%2Fwp%2Fv2%2Fmedia&parent=31"}],"curies":[{"name":"wp","href":"https:\/\/api.w.org\/{rel}","templated":true}]}}