{"id":33,"date":"2026-01-07T14:38:17","date_gmt":"2026-01-07T14:38:17","guid":{"rendered":"https:\/\/woelantis.dpsg-bamberg.de\/?page_id=33"},"modified":"2026-04-07T23:02:17","modified_gmt":"2026-04-07T23:02:17","slug":"infos-fuer-helferinnen","status":"publish","type":"page","link":"https:\/\/woelantis.dpsg-bamberg.de\/?page_id=33","title":{"rendered":"Infos f\u00fcr Helfer*innen"},"content":{"rendered":"\n<p>Liebe*r Helfer*in,<\/p>\n\n\n\n<p>falls du Fragen hast, kontaktiere bitte Paul (Helfendenmanagement) unter <a href=\"mailto:helfende-woelantis@dpsg-bamberg.de\">helfende-woelantis@dpsg-bamberg.de<\/a>. Vielen Dank! \ud83e\udde1<\/p>\n\n\n\n<h2 class=\"wp-block-heading\">Helfer*innen-Anmeldung<\/h2>\n\n\n\n<p><a href=\"https:\/\/woelantis.anmeldung.dpsgba.de\/\" target=\"_blank\" rel=\"noreferrer noopener\">\u2794 zum Anmeldetool<\/a><\/p>\n\n\n\n<p>Die Anmeldung f\u00fcr Helfer*innen l\u00e4uft komplett digital direkt \u00fcber den DV. Bitte erstelle dir im <a href=\"https:\/\/woelantis.anmeldung.dpsgba.de\/\" target=\"_blank\" rel=\"noreferrer noopener\">Anmeldeportal<\/a> einen Account. Anschlie\u00dfend kannst du dich dort f\u00fcr das Lager als Helfer*in anmelden. Nach dem Anmeldeschluss bekommst du eine Rechnung \u00fcber den Teilnahmebeitrag mit unserer Bankverbindung.<\/p>\n\n\n\n<p><strong>Bitte beachte unbedingt, dass du nach deiner Anmeldung noch notwendige Pr\u00e4ventionsnachweise im Anmeldetool hochladen musst!<\/strong><\/p>\n\n\n\n<h2 class=\"wp-block-heading\">FAQ f\u00fcr Helfer*innen<\/h2>\n\n\n\n<details class=\"wp-block-details is-layout-flow wp-block-details-is-layout-flow\"><summary><strong>Wie kann ich mich einbringen?<\/strong><\/summary>\n<p>Inhalt, Orga, K\u00fcche, Planung im Voraus, Hilfe bei der Programmdurchf\u00fchrung am Lager, (Kinder-)Caf\u00e9, Sanit\u00e4ter*in, Allesk\u00f6nner*in, &#8230; &#8211; Du wirst sicher etwas finden. Wende dich am besten ans Helfendenmanagement. \ud83d\ude09<\/p>\n<\/details>\n\n\n\n<details class=\"wp-block-details is-layout-flow wp-block-details-is-layout-flow\"><summary><strong>Wie hoch ist der Teilnahmebeitrag f\u00fcr Helfer*innen?<\/strong><\/summary>\n<p>333 \u20ac<\/p>\n<\/details>\n\n\n\n<details class=\"wp-block-details is-layout-flow wp-block-details-is-layout-flow\"><summary><strong>Welche Nachweise brauche ich?<\/strong><\/summary>\n<ul class=\"wp-block-list\">\n<li>Einsichtnahme ins erweiterte F\u00fchrungszeugnis (FZ zum Zeitpunkt des Lagers nicht \u00e4lter als 5 Jahre, also nicht \u00e4lter als der 23.08.2021)<\/li>\n\n\n\n<li>geeignete Pr\u00e4ventionsschulung (alle f\u00fcnf Jahre ist au\u00dferdem eine Auffrischungsschulung n\u00f6tig &#8211; falls deine Pr\u00e4ventionsschulung vor dem 23.08.2021 stattfand, ist eine Auffrischung n\u00f6tig)<\/li>\n<\/ul>\n\n\n\n<p>Falls es sich bei der Pr\u00e4ventionsschulung nicht um die entsprechenden DPSG-Bausteine handelt, sollte unbedingt aktiv der Kontakt zur Lagerleitung aufgenommen werden, die dann pr\u00fcft, ob die Schulung unseren Anforderungen entspricht.<\/p>\n\n\n\n<p>Falls du f\u00fcr dieses Lager ein neues F\u00fchrungszeignis brauchst, stellen wir dir hierf\u00fcr gerne eine Bescheinigung aus. Bitte kontakiere die Lagerleitung.<\/p>\n\n\n\n<p>Die Nachweise m\u00fcssen nach der Anmeldung im Anmeldetool hochgeladen werden.<\/p>\n<\/details>\n\n\n\n<details class=\"wp-block-details is-layout-flow wp-block-details-is-layout-flow\"><summary><strong>Wann und wie zahlen ich den Teilnahmebeitrag?<\/strong><\/summary>\n<p>Wir melden uns nach dem Anmeldeschluss bei dir. Dann bekommst du eine Rechnung mit unserer Bankverbindung.<br>Vorerst ist erst einmal nur wichtig, dass du dich im Anmeldetool anmeldest und dich um deine Nachweise k\u00fcmmerst.<\/p>\n<\/details>\n\n\n<div class=\"wp-block-image\">\n<figure class=\"aligncenter size-full\"><img loading=\"lazy\" decoding=\"async\" width=\"500\" height=\"460\" src=\"https:\/\/woelantis.dpsg-bamberg.de\/wp-content\/uploads\/2026\/01\/danke.png\" alt=\"\" class=\"wp-image-101\" srcset=\"https:\/\/woelantis.dpsg-bamberg.de\/wp-content\/uploads\/2026\/01\/danke.png 500w, https:\/\/woelantis.dpsg-bamberg.de\/wp-content\/uploads\/2026\/01\/danke-300x276.png 300w\" sizes=\"auto, (max-width: 500px) 100vw, 500px\" \/><\/figure>\n<\/div>","protected":false},"excerpt":{"rendered":"<p>Liebe*r Helfer*in, falls du Fragen hast, kontaktiere bitte Paul (Helfendenmanagement) unter helfende-woelantis@dpsg-bamberg.de. Vielen Dank! \ud83e\udde1 Helfer*innen-Anmeldung \u2794 zum Anmeldetool Die Anmeldung f\u00fcr Helfer*innen l\u00e4uft komplett digital direkt \u00fcber den DV. Bitte erstelle dir im Anmeldeportal einen Account. Anschlie\u00dfend kannst du dich dort f\u00fcr das Lager als Helfer*in anmelden. Nach dem Anmeldeschluss bekommst du eine Rechnung &hellip; <a href=\"https:\/\/woelantis.dpsg-bamberg.de\/?page_id=33\" class=\"more-link\"><span class=\"screen-reader-text\">Infos f\u00fcr Helfer*innen<\/span> weiterlesen <span class=\"meta-nav\">&rarr;<\/span><\/a><\/p>\n","protected":false},"author":4,"featured_media":0,"parent":0,"menu_order":0,"comment_status":"closed","ping_status":"closed","template":"","meta":{"footnotes":""},"class_list":["post-33","page","type-page","status-publish","hentry"],"yoast_head":"<!-- This site is optimized with the Yoast SEO plugin v26.2 - https:\/\/yoast.com\/wordpress\/plugins\/seo\/ -->\n<title>Infos f\u00fcr Helfer*innen - W\u00f6lantis<\/title>\n<meta name=\"robots\" content=\"index, follow, max-snippet:-1, max-image-preview:large, max-video-preview:-1\" \/>\n<link rel=\"canonical\" href=\"https:\/\/woelantis.dpsg-bamberg.de\/?page_id=33\" \/>\n<meta property=\"og:locale\" content=\"de_DE\" \/>\n<meta property=\"og:type\" content=\"article\" \/>\n<meta property=\"og:title\" content=\"Infos f\u00fcr Helfer*innen - W\u00f6lantis\" \/>\n<meta property=\"og:description\" content=\"Liebe*r Helfer*in, falls du Fragen hast, kontaktiere bitte Paul (Helfendenmanagement) unter helfende-woelantis@dpsg-bamberg.de. Vielen Dank! \ud83e\udde1 Helfer*innen-Anmeldung \u2794 zum Anmeldetool Die Anmeldung f\u00fcr Helfer*innen l\u00e4uft komplett digital direkt \u00fcber den DV. Bitte erstelle dir im Anmeldeportal einen Account. Anschlie\u00dfend kannst du dich dort f\u00fcr das Lager als Helfer*in anmelden. Nach dem Anmeldeschluss bekommst du eine Rechnung &hellip; Infos f\u00fcr Helfer*innen weiterlesen &rarr;\" \/>\n<meta property=\"og:url\" content=\"https:\/\/woelantis.dpsg-bamberg.de\/?page_id=33\" \/>\n<meta property=\"og:site_name\" content=\"W\u00f6lantis\" \/>\n<meta property=\"article:modified_time\" content=\"2026-04-07T23:02:17+00:00\" \/>\n<meta property=\"og:image\" content=\"https:\/\/woelantis.dpsg-bamberg.de\/wp-content\/uploads\/2026\/01\/danke.png\" \/>\n\t<meta property=\"og:image:width\" content=\"500\" \/>\n\t<meta property=\"og:image:height\" content=\"460\" \/>\n\t<meta property=\"og:image:type\" content=\"image\/png\" \/>\n<meta name=\"twitter:card\" content=\"summary_large_image\" \/>\n<meta name=\"twitter:label1\" content=\"Gesch\u00e4tzte Lesezeit\" \/>\n\t<meta name=\"twitter:data1\" content=\"2\u00a0Minuten\" \/>\n<script type=\"application\/ld+json\" class=\"yoast-schema-graph\">{\"@context\":\"https:\/\/schema.org\",\"@graph\":[{\"@type\":\"WebPage\",\"@id\":\"https:\/\/woelantis.dpsg-bamberg.de\/?page_id=33\",\"url\":\"https:\/\/woelantis.dpsg-bamberg.de\/?page_id=33\",\"name\":\"Infos f\u00fcr Helfer*innen - W\u00f6lantis\",\"isPartOf\":{\"@id\":\"https:\/\/woelantis.dpsg-bamberg.de\/#website\"},\"primaryImageOfPage\":{\"@id\":\"https:\/\/woelantis.dpsg-bamberg.de\/?page_id=33#primaryimage\"},\"image\":{\"@id\":\"https:\/\/woelantis.dpsg-bamberg.de\/?page_id=33#primaryimage\"},\"thumbnailUrl\":\"https:\/\/woelantis.dpsg-bamberg.de\/wp-content\/uploads\/2026\/01\/danke.png\",\"datePublished\":\"2026-01-07T14:38:17+00:00\",\"dateModified\":\"2026-04-07T23:02:17+00:00\",\"breadcrumb\":{\"@id\":\"https:\/\/woelantis.dpsg-bamberg.de\/?page_id=33#breadcrumb\"},\"inLanguage\":\"de\",\"potentialAction\":[{\"@type\":\"ReadAction\",\"target\":[\"https:\/\/woelantis.dpsg-bamberg.de\/?page_id=33\"]}]},{\"@type\":\"ImageObject\",\"inLanguage\":\"de\",\"@id\":\"https:\/\/woelantis.dpsg-bamberg.de\/?page_id=33#primaryimage\",\"url\":\"https:\/\/woelantis.dpsg-bamberg.de\/wp-content\/uploads\/2026\/01\/danke.png\",\"contentUrl\":\"https:\/\/woelantis.dpsg-bamberg.de\/wp-content\/uploads\/2026\/01\/danke.png\",\"width\":500,\"height\":460},{\"@type\":\"BreadcrumbList\",\"@id\":\"https:\/\/woelantis.dpsg-bamberg.de\/?page_id=33#breadcrumb\",\"itemListElement\":[{\"@type\":\"ListItem\",\"position\":1,\"name\":\"Startseite\",\"item\":\"https:\/\/woelantis.dpsg-bamberg.de\/\"},{\"@type\":\"ListItem\",\"position\":2,\"name\":\"Infos f\u00fcr Helfer*innen\"}]},{\"@type\":\"WebSite\",\"@id\":\"https:\/\/woelantis.dpsg-bamberg.de\/#website\",\"url\":\"https:\/\/woelantis.dpsg-bamberg.de\/\",\"name\":\"W\u00f6lantis\",\"description\":\"W\u00f6 ist das?\",\"potentialAction\":[{\"@type\":\"SearchAction\",\"target\":{\"@type\":\"EntryPoint\",\"urlTemplate\":\"https:\/\/woelantis.dpsg-bamberg.de\/?s={search_term_string}\"},\"query-input\":{\"@type\":\"PropertyValueSpecification\",\"valueRequired\":true,\"valueName\":\"search_term_string\"}}],\"inLanguage\":\"de\"}]}<\/script>\n<!-- \/ Yoast SEO plugin. -->","yoast_head_json":{"title":"Infos f\u00fcr Helfer*innen - W\u00f6lantis","robots":{"index":"index","follow":"follow","max-snippet":"max-snippet:-1","max-image-preview":"max-image-preview:large","max-video-preview":"max-video-preview:-1"},"canonical":"https:\/\/woelantis.dpsg-bamberg.de\/?page_id=33","og_locale":"de_DE","og_type":"article","og_title":"Infos f\u00fcr Helfer*innen - W\u00f6lantis","og_description":"Liebe*r Helfer*in, falls du Fragen hast, kontaktiere bitte Paul (Helfendenmanagement) unter helfende-woelantis@dpsg-bamberg.de. Vielen Dank! \ud83e\udde1 Helfer*innen-Anmeldung \u2794 zum Anmeldetool Die Anmeldung f\u00fcr Helfer*innen l\u00e4uft komplett digital direkt \u00fcber den DV. Bitte erstelle dir im Anmeldeportal einen Account. Anschlie\u00dfend kannst du dich dort f\u00fcr das Lager als Helfer*in anmelden. Nach dem Anmeldeschluss bekommst du eine Rechnung &hellip; Infos f\u00fcr Helfer*innen weiterlesen &rarr;","og_url":"https:\/\/woelantis.dpsg-bamberg.de\/?page_id=33","og_site_name":"W\u00f6lantis","article_modified_time":"2026-04-07T23:02:17+00:00","og_image":[{"width":500,"height":460,"url":"https:\/\/woelantis.dpsg-bamberg.de\/wp-content\/uploads\/2026\/01\/danke.png","type":"image\/png"}],"twitter_card":"summary_large_image","twitter_misc":{"Gesch\u00e4tzte Lesezeit":"2\u00a0Minuten"},"schema":{"@context":"https:\/\/schema.org","@graph":[{"@type":"WebPage","@id":"https:\/\/woelantis.dpsg-bamberg.de\/?page_id=33","url":"https:\/\/woelantis.dpsg-bamberg.de\/?page_id=33","name":"Infos f\u00fcr Helfer*innen - W\u00f6lantis","isPartOf":{"@id":"https:\/\/woelantis.dpsg-bamberg.de\/#website"},"primaryImageOfPage":{"@id":"https:\/\/woelantis.dpsg-bamberg.de\/?page_id=33#primaryimage"},"image":{"@id":"https:\/\/woelantis.dpsg-bamberg.de\/?page_id=33#primaryimage"},"thumbnailUrl":"https:\/\/woelantis.dpsg-bamberg.de\/wp-content\/uploads\/2026\/01\/danke.png","datePublished":"2026-01-07T14:38:17+00:00","dateModified":"2026-04-07T23:02:17+00:00","breadcrumb":{"@id":"https:\/\/woelantis.dpsg-bamberg.de\/?page_id=33#breadcrumb"},"inLanguage":"de","potentialAction":[{"@type":"ReadAction","target":["https:\/\/woelantis.dpsg-bamberg.de\/?page_id=33"]}]},{"@type":"ImageObject","inLanguage":"de","@id":"https:\/\/woelantis.dpsg-bamberg.de\/?page_id=33#primaryimage","url":"https:\/\/woelantis.dpsg-bamberg.de\/wp-content\/uploads\/2026\/01\/danke.png","contentUrl":"https:\/\/woelantis.dpsg-bamberg.de\/wp-content\/uploads\/2026\/01\/danke.png","width":500,"height":460},{"@type":"BreadcrumbList","@id":"https:\/\/woelantis.dpsg-bamberg.de\/?page_id=33#breadcrumb","itemListElement":[{"@type":"ListItem","position":1,"name":"Startseite","item":"https:\/\/woelantis.dpsg-bamberg.de\/"},{"@type":"ListItem","position":2,"name":"Infos f\u00fcr Helfer*innen"}]},{"@type":"WebSite","@id":"https:\/\/woelantis.dpsg-bamberg.de\/#website","url":"https:\/\/woelantis.dpsg-bamberg.de\/","name":"W\u00f6lantis","description":"W\u00f6 ist das?","potentialAction":[{"@type":"SearchAction","target":{"@type":"EntryPoint","urlTemplate":"https:\/\/woelantis.dpsg-bamberg.de\/?s={search_term_string}"},"query-input":{"@type":"PropertyValueSpecification","valueRequired":true,"valueName":"search_term_string"}}],"inLanguage":"de"}]}},"_links":{"self":[{"href":"https:\/\/woelantis.dpsg-bamberg.de\/index.php?rest_route=\/wp\/v2\/pages\/33","targetHints":{"allow":["GET"]}}],"collection":[{"href":"https:\/\/woelantis.dpsg-bamberg.de\/index.php?rest_route=\/wp\/v2\/pages"}],"about":[{"href":"https:\/\/woelantis.dpsg-bamberg.de\/index.php?rest_route=\/wp\/v2\/types\/page"}],"author":[{"embeddable":true,"href":"https:\/\/woelantis.dpsg-bamberg.de\/index.php?rest_route=\/wp\/v2\/users\/4"}],"replies":[{"embeddable":true,"href":"https:\/\/woelantis.dpsg-bamberg.de\/index.php?rest_route=%2Fwp%2Fv2%2Fcomments&post=33"}],"version-history":[{"count":26,"href":"https:\/\/woelantis.dpsg-bamberg.de\/index.php?rest_route=\/wp\/v2\/pages\/33\/revisions"}],"predecessor-version":[{"id":253,"href":"https:\/\/woelantis.dpsg-bamberg.de\/index.php?rest_route=\/wp\/v2\/pages\/33\/revisions\/253"}],"wp:attachment":[{"href":"https:\/\/woelantis.dpsg-bamberg.de\/index.php?rest_route=%2Fwp%2Fv2%2Fmedia&parent=33"}],"curies":[{"name":"wp","href":"https:\/\/api.w.org\/{rel}","templated":true}]}}