{"id":35,"date":"2026-01-07T14:38:49","date_gmt":"2026-01-07T14:38:49","guid":{"rendered":"https:\/\/woelantis.dpsg-bamberg.de\/?page_id=35"},"modified":"2026-04-07T22:59:56","modified_gmt":"2026-04-07T22:59:56","slug":"infos-fuer-leiterinnen","status":"publish","type":"page","link":"https:\/\/woelantis.dpsg-bamberg.de\/?page_id=35","title":{"rendered":"Infos f\u00fcr Leiter*innen"},"content":{"rendered":"\n<p>Liebe Leiter*innen,<\/p>\n\n\n\n<p>wir freuen uns, dass Ihr euch dazu entschieden habt, mit eurer Meute auf &#8222;W\u00f6lantis&#8220; zu fahren. Bitte beachtet unser Informationsschreiben vom 06.01.2026, das alle W\u00f6-Leiter*innen aus dem DV Bamberg per E-Mail erhalten haben.<\/p>\n\n\n\n<h2 class=\"wp-block-heading\">Der Anmeldeprozess ist beendet.<\/h2>\n\n\n\n<p><a href=\"https:\/\/woelantis.anmeldung.dpsgba.de\/\" target=\"_blank\" rel=\"noreferrer noopener\">\u2794 zum Anmeldetool<\/a><\/p>\n\n\n\n<ul class=\"wp-block-list\">\n<li>F\u00fcr die Anmeldung der Leiter*innen m\u00fcssen die \u00fcblichen Nachweise erbracht werden. Die Bescheinigungen m\u00fcssen direkt im Anmeldeportal hochgeladen werden. <mark style=\"background-color:rgba(0, 0, 0, 0);color:#ff6400\" class=\"has-inline-color\">Bitte k\u00fcmmert euch zeitnah darum, sofern Ihr das noch nicht getan habt!<\/mark> Der Upload der Dokumente ist auch nach der Anmeldefrist weiterhin m\u00f6glich.<\/li>\n\n\n\n<li>Bitte beachtet weiterhin, dass die Teilnahmebeitr\u00e4ge von den Eltern und von euch zuerst an Euren Stamm \u00fcberwiesen werden m\u00fcssen. Euer Stamm erh\u00e4lt dann eine ordentliche Rechnung, die alle \u00fcber den Stamm teilnehmenden Personen noch einmal auflistet. Euer Stamm bezahlt die Rechnung und \u00fcberweist damit alle Teilnahmebeitr\u00e4ge weiter an den DV.<\/li>\n<\/ul>\n\n\n\n<h2 class=\"wp-block-heading\">FAQ f\u00fcr Leiter*innen<\/h2>\n\n\n\n<details class=\"wp-block-details is-layout-flow wp-block-details-is-layout-flow\"><summary><strong>Wie hoch ist der Teilnahmebeitrag f\u00fcr Leiter*innen?<\/strong><\/summary>\n<p>333 \u20ac<\/p>\n<\/details>\n\n\n\n<details class=\"wp-block-details is-layout-flow wp-block-details-is-layout-flow\"><summary><strong>Welche Nachweise ben\u00f6tigen Leiter*innen?<\/strong><\/summary>\n<ul class=\"wp-block-list\">\n<li>Einsichtnahme ins F\u00fchrungszeugnis (zum Zeitpunkt des Lagers nicht \u00e4lter als 5 Jahre)<\/li>\n\n\n\n<li>geeignete Pr\u00e4ventionsschulung (alle f\u00fcnf Jahre ist au\u00dferdem eine Auffrischungsschulung n\u00f6tig \u2013 bitte pr\u00fcfe, ob dies zum Zeitpunkt des Lagers f\u00fcr dich zutrifft)<\/li>\n<\/ul>\n\n\n\n<p>Falls es sich bei der Pr\u00e4ventionsschulung nicht um die entsprechenden DPSG-Bausteine handelt, sollte unbedingt aktiv der Kontakt zur Lagerleitung aufgenommen werden, die dann pr\u00fcft, ob die Schulung unseren Anforderungen entspricht.<\/p>\n<\/details>\n\n\n\n<details class=\"wp-block-details is-layout-flow wp-block-details-is-layout-flow\"><summary><strong>Warum fehlt im Anmeldeformular f\u00fcr die Teilnehmer*innen die Bankverbindung?<\/strong><\/summary>\n<p>Die Eltern zahlen den Teilnahmebeitrag erst einmal an euren Stamm. Die entsprechende Bankverbindung m\u00fcsst ihr ihnen mitteilen.<\/p>\n<\/details>\n\n\n\n<details class=\"wp-block-details is-layout-flow wp-block-details-is-layout-flow\"><summary><strong>Ich habe Fragen zum\/Probleme im Anmeldeprozess&#8230;<\/strong><\/summary>\n<p>Bitte eine E-Mail an die Lagerleitung <strong>\ud83d\ude4f<\/strong><\/p>\n<\/details>\n\n\n<div class=\"wp-block-image\">\n<figure class=\"alignright size-full\"><img loading=\"lazy\" decoding=\"async\" width=\"500\" height=\"150\" src=\"https:\/\/woelantis.dpsg-bamberg.de\/wp-content\/uploads\/2026\/01\/page_footer2.png\" alt=\"\" class=\"wp-image-108\" srcset=\"https:\/\/woelantis.dpsg-bamberg.de\/wp-content\/uploads\/2026\/01\/page_footer2.png 500w, https:\/\/woelantis.dpsg-bamberg.de\/wp-content\/uploads\/2026\/01\/page_footer2-300x90.png 300w\" sizes=\"auto, (max-width: 500px) 100vw, 500px\" \/><\/figure>\n<\/div>","protected":false},"excerpt":{"rendered":"<p>Liebe Leiter*innen, wir freuen uns, dass Ihr euch dazu entschieden habt, mit eurer Meute auf &#8222;W\u00f6lantis&#8220; zu fahren. Bitte beachtet unser Informationsschreiben vom 06.01.2026, das alle W\u00f6-Leiter*innen aus dem DV Bamberg per E-Mail erhalten haben. Der Anmeldeprozess ist beendet. \u2794 zum Anmeldetool FAQ f\u00fcr Leiter*innen<\/p>\n","protected":false},"author":4,"featured_media":0,"parent":0,"menu_order":0,"comment_status":"closed","ping_status":"closed","template":"","meta":{"footnotes":""},"class_list":["post-35","page","type-page","status-publish","hentry"],"yoast_head":"<!-- This site is optimized with the Yoast SEO plugin v26.2 - https:\/\/yoast.com\/wordpress\/plugins\/seo\/ -->\n<title>Infos f\u00fcr Leiter*innen - W\u00f6lantis<\/title>\n<meta name=\"robots\" content=\"index, follow, max-snippet:-1, max-image-preview:large, max-video-preview:-1\" \/>\n<link rel=\"canonical\" href=\"https:\/\/woelantis.dpsg-bamberg.de\/?page_id=35\" \/>\n<meta property=\"og:locale\" content=\"de_DE\" \/>\n<meta property=\"og:type\" content=\"article\" \/>\n<meta property=\"og:title\" content=\"Infos f\u00fcr Leiter*innen - W\u00f6lantis\" \/>\n<meta property=\"og:description\" content=\"Liebe Leiter*innen, wir freuen uns, dass Ihr euch dazu entschieden habt, mit eurer Meute auf &#8222;W\u00f6lantis&#8220; zu fahren. Bitte beachtet unser Informationsschreiben vom 06.01.2026, das alle W\u00f6-Leiter*innen aus dem DV Bamberg per E-Mail erhalten haben. Der Anmeldeprozess ist beendet. \u2794 zum Anmeldetool FAQ f\u00fcr Leiter*innen\" \/>\n<meta property=\"og:url\" content=\"https:\/\/woelantis.dpsg-bamberg.de\/?page_id=35\" \/>\n<meta property=\"og:site_name\" content=\"W\u00f6lantis\" \/>\n<meta property=\"article:modified_time\" content=\"2026-04-07T22:59:56+00:00\" \/>\n<meta property=\"og:image\" content=\"https:\/\/woelantis.dpsg-bamberg.de\/wp-content\/uploads\/2026\/01\/page_footer2.png\" \/>\n\t<meta property=\"og:image:width\" content=\"500\" \/>\n\t<meta property=\"og:image:height\" content=\"150\" \/>\n\t<meta property=\"og:image:type\" content=\"image\/png\" \/>\n<meta name=\"twitter:card\" content=\"summary_large_image\" \/>\n<meta name=\"twitter:label1\" content=\"Gesch\u00e4tzte Lesezeit\" \/>\n\t<meta name=\"twitter:data1\" content=\"2\u00a0Minuten\" \/>\n<script type=\"application\/ld+json\" class=\"yoast-schema-graph\">{\"@context\":\"https:\/\/schema.org\",\"@graph\":[{\"@type\":\"WebPage\",\"@id\":\"https:\/\/woelantis.dpsg-bamberg.de\/?page_id=35\",\"url\":\"https:\/\/woelantis.dpsg-bamberg.de\/?page_id=35\",\"name\":\"Infos f\u00fcr Leiter*innen - W\u00f6lantis\",\"isPartOf\":{\"@id\":\"https:\/\/woelantis.dpsg-bamberg.de\/#website\"},\"primaryImageOfPage\":{\"@id\":\"https:\/\/woelantis.dpsg-bamberg.de\/?page_id=35#primaryimage\"},\"image\":{\"@id\":\"https:\/\/woelantis.dpsg-bamberg.de\/?page_id=35#primaryimage\"},\"thumbnailUrl\":\"https:\/\/woelantis.dpsg-bamberg.de\/wp-content\/uploads\/2026\/01\/page_footer2.png\",\"datePublished\":\"2026-01-07T14:38:49+00:00\",\"dateModified\":\"2026-04-07T22:59:56+00:00\",\"breadcrumb\":{\"@id\":\"https:\/\/woelantis.dpsg-bamberg.de\/?page_id=35#breadcrumb\"},\"inLanguage\":\"de\",\"potentialAction\":[{\"@type\":\"ReadAction\",\"target\":[\"https:\/\/woelantis.dpsg-bamberg.de\/?page_id=35\"]}]},{\"@type\":\"ImageObject\",\"inLanguage\":\"de\",\"@id\":\"https:\/\/woelantis.dpsg-bamberg.de\/?page_id=35#primaryimage\",\"url\":\"https:\/\/woelantis.dpsg-bamberg.de\/wp-content\/uploads\/2026\/01\/page_footer2.png\",\"contentUrl\":\"https:\/\/woelantis.dpsg-bamberg.de\/wp-content\/uploads\/2026\/01\/page_footer2.png\",\"width\":500,\"height\":150},{\"@type\":\"BreadcrumbList\",\"@id\":\"https:\/\/woelantis.dpsg-bamberg.de\/?page_id=35#breadcrumb\",\"itemListElement\":[{\"@type\":\"ListItem\",\"position\":1,\"name\":\"Startseite\",\"item\":\"https:\/\/woelantis.dpsg-bamberg.de\/\"},{\"@type\":\"ListItem\",\"position\":2,\"name\":\"Infos f\u00fcr Leiter*innen\"}]},{\"@type\":\"WebSite\",\"@id\":\"https:\/\/woelantis.dpsg-bamberg.de\/#website\",\"url\":\"https:\/\/woelantis.dpsg-bamberg.de\/\",\"name\":\"W\u00f6lantis\",\"description\":\"W\u00f6 ist das?\",\"potentialAction\":[{\"@type\":\"SearchAction\",\"target\":{\"@type\":\"EntryPoint\",\"urlTemplate\":\"https:\/\/woelantis.dpsg-bamberg.de\/?s={search_term_string}\"},\"query-input\":{\"@type\":\"PropertyValueSpecification\",\"valueRequired\":true,\"valueName\":\"search_term_string\"}}],\"inLanguage\":\"de\"}]}<\/script>\n<!-- \/ Yoast SEO plugin. -->","yoast_head_json":{"title":"Infos f\u00fcr Leiter*innen - W\u00f6lantis","robots":{"index":"index","follow":"follow","max-snippet":"max-snippet:-1","max-image-preview":"max-image-preview:large","max-video-preview":"max-video-preview:-1"},"canonical":"https:\/\/woelantis.dpsg-bamberg.de\/?page_id=35","og_locale":"de_DE","og_type":"article","og_title":"Infos f\u00fcr Leiter*innen - W\u00f6lantis","og_description":"Liebe Leiter*innen, wir freuen uns, dass Ihr euch dazu entschieden habt, mit eurer Meute auf &#8222;W\u00f6lantis&#8220; zu fahren. Bitte beachtet unser Informationsschreiben vom 06.01.2026, das alle W\u00f6-Leiter*innen aus dem DV Bamberg per E-Mail erhalten haben. Der Anmeldeprozess ist beendet. \u2794 zum Anmeldetool FAQ f\u00fcr Leiter*innen","og_url":"https:\/\/woelantis.dpsg-bamberg.de\/?page_id=35","og_site_name":"W\u00f6lantis","article_modified_time":"2026-04-07T22:59:56+00:00","og_image":[{"width":500,"height":150,"url":"https:\/\/woelantis.dpsg-bamberg.de\/wp-content\/uploads\/2026\/01\/page_footer2.png","type":"image\/png"}],"twitter_card":"summary_large_image","twitter_misc":{"Gesch\u00e4tzte Lesezeit":"2\u00a0Minuten"},"schema":{"@context":"https:\/\/schema.org","@graph":[{"@type":"WebPage","@id":"https:\/\/woelantis.dpsg-bamberg.de\/?page_id=35","url":"https:\/\/woelantis.dpsg-bamberg.de\/?page_id=35","name":"Infos f\u00fcr Leiter*innen - W\u00f6lantis","isPartOf":{"@id":"https:\/\/woelantis.dpsg-bamberg.de\/#website"},"primaryImageOfPage":{"@id":"https:\/\/woelantis.dpsg-bamberg.de\/?page_id=35#primaryimage"},"image":{"@id":"https:\/\/woelantis.dpsg-bamberg.de\/?page_id=35#primaryimage"},"thumbnailUrl":"https:\/\/woelantis.dpsg-bamberg.de\/wp-content\/uploads\/2026\/01\/page_footer2.png","datePublished":"2026-01-07T14:38:49+00:00","dateModified":"2026-04-07T22:59:56+00:00","breadcrumb":{"@id":"https:\/\/woelantis.dpsg-bamberg.de\/?page_id=35#breadcrumb"},"inLanguage":"de","potentialAction":[{"@type":"ReadAction","target":["https:\/\/woelantis.dpsg-bamberg.de\/?page_id=35"]}]},{"@type":"ImageObject","inLanguage":"de","@id":"https:\/\/woelantis.dpsg-bamberg.de\/?page_id=35#primaryimage","url":"https:\/\/woelantis.dpsg-bamberg.de\/wp-content\/uploads\/2026\/01\/page_footer2.png","contentUrl":"https:\/\/woelantis.dpsg-bamberg.de\/wp-content\/uploads\/2026\/01\/page_footer2.png","width":500,"height":150},{"@type":"BreadcrumbList","@id":"https:\/\/woelantis.dpsg-bamberg.de\/?page_id=35#breadcrumb","itemListElement":[{"@type":"ListItem","position":1,"name":"Startseite","item":"https:\/\/woelantis.dpsg-bamberg.de\/"},{"@type":"ListItem","position":2,"name":"Infos f\u00fcr Leiter*innen"}]},{"@type":"WebSite","@id":"https:\/\/woelantis.dpsg-bamberg.de\/#website","url":"https:\/\/woelantis.dpsg-bamberg.de\/","name":"W\u00f6lantis","description":"W\u00f6 ist das?","potentialAction":[{"@type":"SearchAction","target":{"@type":"EntryPoint","urlTemplate":"https:\/\/woelantis.dpsg-bamberg.de\/?s={search_term_string}"},"query-input":{"@type":"PropertyValueSpecification","valueRequired":true,"valueName":"search_term_string"}}],"inLanguage":"de"}]}},"_links":{"self":[{"href":"https:\/\/woelantis.dpsg-bamberg.de\/index.php?rest_route=\/wp\/v2\/pages\/35","targetHints":{"allow":["GET"]}}],"collection":[{"href":"https:\/\/woelantis.dpsg-bamberg.de\/index.php?rest_route=\/wp\/v2\/pages"}],"about":[{"href":"https:\/\/woelantis.dpsg-bamberg.de\/index.php?rest_route=\/wp\/v2\/types\/page"}],"author":[{"embeddable":true,"href":"https:\/\/woelantis.dpsg-bamberg.de\/index.php?rest_route=\/wp\/v2\/users\/4"}],"replies":[{"embeddable":true,"href":"https:\/\/woelantis.dpsg-bamberg.de\/index.php?rest_route=%2Fwp%2Fv2%2Fcomments&post=35"}],"version-history":[{"count":22,"href":"https:\/\/woelantis.dpsg-bamberg.de\/index.php?rest_route=\/wp\/v2\/pages\/35\/revisions"}],"predecessor-version":[{"id":251,"href":"https:\/\/woelantis.dpsg-bamberg.de\/index.php?rest_route=\/wp\/v2\/pages\/35\/revisions\/251"}],"wp:attachment":[{"href":"https:\/\/woelantis.dpsg-bamberg.de\/index.php?rest_route=%2Fwp%2Fv2%2Fmedia&parent=35"}],"curies":[{"name":"wp","href":"https:\/\/api.w.org\/{rel}","templated":true}]}}